{"id":2080,"date":"2016-02-22T04:03:46","date_gmt":"2016-02-22T04:03:46","guid":{"rendered":"http:\/\/wordpress.templaza.net\/xml\/interiart\/?page_id=2080"},"modified":"2025-01-03T10:43:27","modified_gmt":"2025-01-03T09:43:27","slug":"servizi","status":"publish","type":"page","link":"https:\/\/arredamentibenevelli.com\/?page_id=2080","title":{"rendered":"Servizi"},"content":{"rendered":"<p>[et_pb_section fb_built=&#8221;1&#8243; _builder_version=&#8221;4.27.4&#8243; background_image=&#8221;https:\/\/arredamentibenevelli.com\/wp-content\/uploads\/2016\/02\/IMG_6404.jpg&#8221; background_size=&#8221;initial&#8221; background_repeat=&#8221;repeat&#8221; global_colors_info=&#8221;{}&#8221;][et_pb_row _builder_version=&#8221;4.27.4&#8243; background_size=&#8221;initial&#8221; background_position=&#8221;top_left&#8221; background_repeat=&#8221;repeat&#8221; hover_enabled=&#8221;0&#8243; global_colors_info=&#8221;{}&#8221; background_color=&#8221;#FFFFFF&#8221; sticky_enabled=&#8221;0&#8243;][et_pb_column type=&#8221;4_4&#8243; _builder_version=&#8221;4.16&#8243; custom_padding=&#8221;|||&#8221; global_colors_info=&#8221;{}&#8221; custom_padding__hover=&#8221;|||&#8221;][et_pb_text _builder_version=&#8221;4.27.4&#8243; background_size=&#8221;initial&#8221; background_position=&#8221;top_left&#8221; background_repeat=&#8221;repeat&#8221; hover_enabled=&#8221;0&#8243; global_colors_info=&#8221;{}&#8221; custom_margin=&#8221;|||20px|false|false&#8221; sticky_enabled=&#8221;0&#8243;]<\/p>\n<h3 style=\"margin-bottom: 22px;\"><span style=\"font-size: 30px;\"><span style=\"color: #000000;\"><strong>I NOSTRI SERVIZI<\/strong><\/span><br \/><\/span><\/h3>\n<p>[\/et_pb_text][\/et_pb_column][\/et_pb_row][et_pb_row column_structure=&#8221;1_3,2_3&#8243; _builder_version=&#8221;4.27.4&#8243; background_size=&#8221;initial&#8221; background_position=&#8221;top_left&#8221; background_repeat=&#8221;repeat&#8221; hover_enabled=&#8221;0&#8243; global_colors_info=&#8221;{}&#8221; background_color=&#8221;#FFFFFF&#8221; sticky_enabled=&#8221;0&#8243;][et_pb_column type=&#8221;1_3&#8243; _builder_version=&#8221;4.16&#8243; custom_padding=&#8221;|||&#8221; global_colors_info=&#8221;{}&#8221; custom_padding__hover=&#8221;|||&#8221;][et_pb_image src=&#8221;https:\/\/arredamentibenevelli.com\/wp-content\/uploads\/2024\/09\/interni-3.jpg&#8221; title_text=&#8221;interni 3&#8243; show_in_lightbox=&#8221;on&#8221; _builder_version=&#8221;4.27.4&#8243; _module_preset=&#8221;default&#8221; hover_enabled=&#8221;0&#8243; global_colors_info=&#8221;{}&#8221; custom_margin=&#8221;|||20px|false|false&#8221; sticky_enabled=&#8221;0&#8243;][\/et_pb_image][\/et_pb_column][et_pb_column type=&#8221;2_3&#8243; _builder_version=&#8221;4.16&#8243; custom_padding=&#8221;|||&#8221; global_colors_info=&#8221;{}&#8221; custom_padding__hover=&#8221;|||&#8221;][et_pb_text _builder_version=&#8221;4.27.4&#8243; background_size=&#8221;initial&#8221; background_position=&#8221;top_left&#8221; background_repeat=&#8221;repeat&#8221; hover_enabled=&#8221;0&#8243; global_colors_info=&#8221;{}&#8221; sticky_enabled=&#8221;0&#8243; custom_margin=&#8221;|20px|||false|false&#8221;]<\/p>\n<h3 style=\"margin-bottom: 25px;\"><em><span style=\"color: #000000;\">CONSULENZA<\/span><\/em><\/h3>\n<p><span style=\"color: #000000;\">Un buon lavoro di <strong>interior design<\/strong> non si vede solo dal risultato, ma anche dai processi\u2026 a partire dalla consulenza. <\/span><\/p>\n<p><span style=\"color: #000000;\">Arredamenti Benevelli offre un vero e proprio <strong>servizio di consulting<\/strong> orientato a <strong>tradurre i desideri dei clienti<\/strong> nelle migliori forme d\u2019arredo, in un costante dialogo tra esigenze e competenze, gusti e funzioni, obiettivi e metrature.<\/span><\/p>\n<p>[\/et_pb_text][et_pb_divider _builder_version=&#8221;4.27.4&#8243; _module_preset=&#8221;default&#8221; hover_enabled=&#8221;0&#8243; global_colors_info=&#8221;{}&#8221; custom_margin=&#8221;|20px|||false|false&#8221; sticky_enabled=&#8221;0&#8243;][\/et_pb_divider][et_pb_text _builder_version=&#8221;4.27.4&#8243; background_size=&#8221;initial&#8221; background_position=&#8221;top_left&#8221; background_repeat=&#8221;repeat&#8221; hover_enabled=&#8221;0&#8243; global_colors_info=&#8221;{}&#8221; custom_margin=&#8221;|20px|||false|false&#8221; sticky_enabled=&#8221;0&#8243;]<\/p>\n<h3><span style=\"color: #000000;\"><\/span><\/h3>\n<h3><em><span style=\"color: #000000;\">PROGETTAZIONE<\/span><\/em><\/h3>\n<p><span style=\"color: #000000;\">Arredare gli interni significa fotografare gusti, obiettivi ed esigenze del cliente e svilupparli in concretezza, esclusivit\u00e0 e personalizzazione. <\/span><\/p>\n<p><span style=\"color: #000000;\"><strong>I progetti Arredamenti Benevelli sono il risultato di un\u2019accurata \u201cmessa a fuoco\u201d dei futuri abitanti,<\/strong> da parte di veri e propri professionisti dell\u2019architettura abitativa, capaci di elaborare proposte senza impegno e in costante dialogo con i clienti.<\/span><\/p>\n<p>[\/et_pb_text][\/et_pb_column][\/et_pb_row][et_pb_row _builder_version=&#8221;4.27.4&#8243; background_size=&#8221;initial&#8221; background_position=&#8221;top_left&#8221; background_repeat=&#8221;repeat&#8221; hover_enabled=&#8221;0&#8243; global_colors_info=&#8221;{}&#8221; background_color=&#8221;#FFFFFF&#8221; sticky_enabled=&#8221;0&#8243;][et_pb_column type=&#8221;4_4&#8243; _builder_version=&#8221;4.16&#8243; custom_padding=&#8221;|||&#8221; global_colors_info=&#8221;{}&#8221; custom_padding__hover=&#8221;|||&#8221;][et_pb_divider _builder_version=&#8221;4.27.4&#8243; _module_preset=&#8221;default&#8221; hover_enabled=&#8221;0&#8243; global_colors_info=&#8221;{}&#8221; custom_margin=&#8221;|20px||20px|false|false&#8221; sticky_enabled=&#8221;0&#8243;][\/et_pb_divider][et_pb_text _builder_version=&#8221;4.27.4&#8243; background_size=&#8221;initial&#8221; background_position=&#8221;top_left&#8221; background_repeat=&#8221;repeat&#8221; hover_enabled=&#8221;0&#8243; global_colors_info=&#8221;{}&#8221; custom_margin=&#8221;|20px||20px|false|false&#8221; sticky_enabled=&#8221;0&#8243;]<\/p>\n<h3 style=\"margin-bottom: 25px;\"><em><span style=\"color: #000000;\">PREVENTIVI<\/span><\/em><\/h3>\n<p><span style=\"color: #000000;\">La competenza si misura anche dalla disponibilit\u00e0 e dalla chiarezza: sui prezzi, sui servizi, sui costi. Arredamenti Benevelli offre ai propri clienti una <strong>accurata stesura di preventivi<\/strong> sulla base delle singole esigenze. Proposte, varianti e alternative per scelte pi\u00f9 efficaci. E <strong>tutto senza impegno<\/strong>, perch\u00e9 per noi la trasparenza \u00e8 uno stile professionale. <\/span><\/p>\n<p><span style=\"color: #000000;\"><strong>Una procedura semplice e veloce<\/strong>: mandaci una e-mail all&#8217;indirizzo <span style=\"color: #3366ff;\">info@arredamentibenevelli.com<\/span> con i tuoi dati, descrivici le tue esigenze e verrai contattato prontamente da un nostro consulente che ti illustrer\u00e0 le modalit\u00e0 per ricevere un\u2019offerta su misura.<br \/>Richiedi un preventivo GRATUITO!<\/span><\/p>\n<p>[\/et_pb_text][et_pb_divider _builder_version=&#8221;4.27.4&#8243; _module_preset=&#8221;default&#8221; hover_enabled=&#8221;0&#8243; global_colors_info=&#8221;{}&#8221; custom_margin=&#8221;|20px||20px|false|false&#8221; sticky_enabled=&#8221;0&#8243;][\/et_pb_divider][et_pb_text _builder_version=&#8221;4.27.4&#8243; background_size=&#8221;initial&#8221; background_position=&#8221;top_left&#8221; background_repeat=&#8221;repeat&#8221; hover_enabled=&#8221;0&#8243; global_colors_info=&#8221;{}&#8221; custom_margin=&#8221;|20px||20px|false|false&#8221; sticky_enabled=&#8221;0&#8243;]<\/p>\n<h3 style=\"margin-bottom: 22px;\"><em><span style=\"color: #000000;\">FINANZIAMENTI<\/span><\/em><\/h3>\n<p><span style=\"color: #000000;\"><strong>Convenzioni privilegiate con le principali societ\u00e0 di credito<\/strong> ci permettono di garantire la massima libert\u00e0 nella scelta con modalit\u00e0 di pagamento in base alle proprie disponibilit\u00e0 ed esigenze. Dedicarsi con la massima serenit\u00e0 al \u201cprogetto casa\u201d, diventa facile grazie ai nostri partner finanziari, affidabili e disponibili al dialogo. Dal semplice elemento di design fino all\u2019arredo pi\u00f9 impegnativo, per arrivare anche ad un restyling completo della casa, <strong>il pagamento lo decidete voi<\/strong>.<\/span><\/p>\n<p>[\/et_pb_text][\/et_pb_column][\/et_pb_row][et_pb_row column_structure=&#8221;2_3,1_3&#8243; _builder_version=&#8221;4.27.4&#8243; background_size=&#8221;initial&#8221; background_position=&#8221;top_left&#8221; background_repeat=&#8221;repeat&#8221; hover_enabled=&#8221;0&#8243; global_colors_info=&#8221;{}&#8221; background_color=&#8221;#FFFFFF&#8221; sticky_enabled=&#8221;0&#8243;][et_pb_column type=&#8221;2_3&#8243; _builder_version=&#8221;4.16&#8243; custom_padding=&#8221;|||&#8221; global_colors_info=&#8221;{}&#8221; custom_padding__hover=&#8221;|||&#8221;][et_pb_divider _builder_version=&#8221;4.27.4&#8243; _module_preset=&#8221;default&#8221; hover_enabled=&#8221;0&#8243; global_colors_info=&#8221;{}&#8221; custom_margin=&#8221;|||20px|false|false&#8221; sticky_enabled=&#8221;0&#8243;][\/et_pb_divider][et_pb_text _builder_version=&#8221;4.27.4&#8243; background_size=&#8221;initial&#8221; background_position=&#8221;top_left&#8221; background_repeat=&#8221;repeat&#8221; hover_enabled=&#8221;0&#8243; global_colors_info=&#8221;{}&#8221; custom_margin=&#8221;|||20px|false|false&#8221; sticky_enabled=&#8221;0&#8243;]<\/p>\n<h3 style=\"margin-bottom: 25px;\"><em><span style=\"color: #000000;\">MONTAGGIO<\/span><\/em><\/h3>\n<p><span style=\"color: #000000;\">La nostra <strong>mission<\/strong> non \u00e8 semplicemente proporre ottime soluzioni di interni, ma <strong>coordinare vere e proprie geometrie del vivere negli spazi del vostro abitare<\/strong>. <\/span><\/p>\n<p><span style=\"color: #000000;\">La stessa attenzione che dedichiamo alla progettazione e alla fornitura, la destiniamo anche alle operazioni di trasporto e montaggio. <\/span><\/p>\n<p><span style=\"color: #000000;\">\u00c8 cura dei nostri tecnici professionisti <strong>garantire ai clienti tempestivit\u00e0 nella consegna<\/strong>, <strong>gestione degli artigiani<\/strong>, <strong>rispetto del progetto<\/strong> e <strong>coordinamento delle attivit\u00e0<\/strong>.<\/span><\/p>\n<p>[\/et_pb_text][\/et_pb_column][et_pb_column type=&#8221;1_3&#8243; _builder_version=&#8221;4.16&#8243; custom_padding=&#8221;|||&#8221; global_colors_info=&#8221;{}&#8221; custom_padding__hover=&#8221;|||&#8221;][et_pb_image src=&#8221;https:\/\/arredamentibenevelli.com\/wp-content\/uploads\/2024\/09\/esterno-negozio-4.jpg&#8221; title_text=&#8221;esterno negozio 4&#8243; show_in_lightbox=&#8221;on&#8221; _builder_version=&#8221;4.27.4&#8243; _module_preset=&#8221;default&#8221; hover_enabled=&#8221;0&#8243; global_colors_info=&#8221;{}&#8221; custom_margin=&#8221;|20px|||false|false&#8221; sticky_enabled=&#8221;0&#8243;][\/et_pb_image][\/et_pb_column][\/et_pb_row][et_pb_row _builder_version=&#8221;4.27.0&#8243; _module_preset=&#8221;default&#8221; global_colors_info=&#8221;{}&#8221;][et_pb_column type=&#8221;4_4&#8243; _builder_version=&#8221;4.27.0&#8243; _module_preset=&#8221;default&#8221; global_colors_info=&#8221;{}&#8221;][et_pb_button button_url=&#8221;https:\/\/arredamentibenevelli.com\/&#8221; button_text=&#8221;Indietro&#8221; _builder_version=&#8221;4.27.0&#8243; _module_preset=&#8221;default&#8221; global_colors_info=&#8221;{}&#8221;][\/et_pb_button][\/et_pb_column][\/et_pb_row][\/et_pb_section]<\/p>\n","protected":false},"excerpt":{"rendered":"<p>I NOSTRI SERVIZICONSULENZA Un buon lavoro di interior design non si vede solo dal risultato, ma anche dai processi\u2026 a partire dalla consulenza. Arredamenti Benevelli offre un vero e proprio servizio di consulting orientato a tradurre i desideri dei clienti nelle migliori forme d\u2019arredo, in un costante dialogo tra esigenze e competenze, gusti e funzioni, [&hellip;]<\/p>\n","protected":false},"author":1,"featured_media":0,"parent":0,"menu_order":0,"comment_status":"closed","ping_status":"closed","template":"","meta":{"_et_pb_use_builder":"on","_et_pb_old_content":"<p>[vc_row 0=\"\"][vc_column 0=\"\"][tz-header 0=\"\"][\/vc_column][\/vc_row][vc_row content_placement=\"middle\" parallax=\"content-moving\" parallax_image=\"3051\" tz_row_type=\"grid\" tz_pattern=\"1\" css=\".vc_custom_1493643273278{padding-top: 140px !important;padding-bottom: 312px !important;background-color: rgba(0,0,0,0.7) !important;*background-color: rgb(0,0,0) !important;}\"][vc_column 0=\"\"][vc_column_text 0=\"\"]<\/p><h3 style=\"margin-bottom: 22px;\"><span style=\"font-size: 30px;\"><span style=\"color: #ffffff;\"><strong>I NOSTRI SERVIZI<\/strong><\/span><br \/><\/span><\/h3><p>[\/vc_column_text][\/vc_column][\/vc_row][vc_row tz_row_type=\"grid\"][vc_column 0=\"\"][vc_tta_tabs style=\"outline\" shape=\"square\" active_section=\"1\" css=\".vc_custom_1481738266763{margin-top: -235px !important;}\"][vc_tta_section title=\"Consulenza\" tab_id=\"1456114099322-f8d08c42-7e6d\"][vc_row_inner css=\".vc_custom_1456201536062{padding-bottom: 64px !important;}\"][vc_column_inner width=\"7\/12\"][vc_column_text css=\".vc_custom_1476613337319{padding-bottom: 23px !important;}\"]<\/p><h3 style=\"margin-bottom: 25px;\">CONSULENZA<\/h3><p>Un buon lavoro di <strong>interior design<\/strong> non si vede solo dal risultato, ma anche dai processi\u2026 a partire dalla consulenza. Arredamenti Benevelli offre un vero e proprio <strong>servizio di consulting<\/strong> orientato a <strong>tradurre i desideri dei clienti<\/strong> nelle migliori forme d\u2019arredo, in un costante dialogo tra esigenze e competenze, gusti e funzioni, obiettivi e metrature.[\/vc_column_text][vc_single_image image=\"3116\" img_size=\"medium\"][\/vc_column_inner][vc_column_inner width=\"5\/12\"][vc_cta h2=\"Richiedi un Preventivo\" h2_font_container=\"font_size:24px|color:%23222222|line_height:24px\" h2_google_fonts=\"font_family:Montserrat%3Aregular%2C700|font_style:700%20bold%20regular%3A700%3Anormal\" h4=\"con l'aiuto di un esperto\" h4_font_container=\"font_size:18px|color:%23222222|line_height:24px\" h4_google_fonts=\"font_family:Ubuntu%3A300%2C300italic%2Cregular%2Citalic%2C500%2C500italic%2C700%2C700italic|font_style:300%20light%20regular%3A300%3Anormal\" shape=\"square\" style=\"outline\" color=\"black\" add_button=\"bottom\" btn_title=\"Richiedi un preventivo GRATUITO!\" btn_style=\"classic\" btn_color=\"black\" btn_i_align=\"right\" btn_i_icon_fontawesome=\"fa fa-arrow-circle-o-right\" use_custom_fonts_h2=\"true\" use_custom_fonts_h4=\"true\" btn_add_icon=\"true\" btn_custom_onclick=\"true\" btn_link=\"url:%2Fcontatti%2F|title:get%20a%20quote|target:%20_blank|\" css=\".vc_custom_1476617025860{padding-top: 46px !important;padding-right: 49px !important;padding-bottom: 46px !important;padding-left: 49px !important;}\"]<span style=\"color: #222222; margin: 40px 0 19px; display: block;\"><strong>Una procedura semplice e veloce<\/strong>: inserisci i tuoi dati, descrivici le tue esigenze e verrai contattato prontamente da un nostro consulente che ti illustrer\u00e0 le modalit\u00e0 per ricevere un\u2019offerta su misura.<\/span>[\/vc_cta][\/vc_column_inner][\/vc_row_inner][\/vc_tta_section][vc_tta_section title=\"Preventivi\" tab_id=\"1476617512797-18afd3a6-061f\"][vc_row_inner css=\".vc_custom_1456201536062{padding-bottom: 64px !important;}\"][vc_column_inner width=\"7\/12\"][vc_column_text css=\".vc_custom_1476617576107{padding-bottom: 23px !important;}\"]<\/p><h3 style=\"margin-bottom: 25px;\">PREVENTIVI<\/h3><p>La competenza si misura anche dalla disponibilit\u00e0 e dalla chiarezza: sui prezzi, sui servizi, sui costi. Arredamenti Benevelli offre ai propri clienti una <strong>accurata stesura di preventivi<\/strong> sulla base delle singole esigenze. Proposte, varianti e alternative per scelte pi\u00f9 efficaci. E <strong>tutto senza impegno<\/strong>, perch\u00e9 per noi la trasparenza \u00e8 uno stile professionale.[\/vc_column_text][vc_single_image image=\"3115\" img_size=\"medium\"][\/vc_column_inner][vc_column_inner width=\"5\/12\"][vc_cta h2=\"Richiedi un Preventivo\" h2_font_container=\"font_size:24px|color:%23222222|line_height:24px\" h2_google_fonts=\"font_family:Montserrat%3Aregular%2C700|font_style:700%20bold%20regular%3A700%3Anormal\" h4=\"con l'aiuto di un esperto\" h4_font_container=\"font_size:18px|color:%23222222|line_height:24px\" h4_google_fonts=\"font_family:Ubuntu%3A300%2C300italic%2Cregular%2Citalic%2C500%2C500italic%2C700%2C700italic|font_style:300%20light%20regular%3A300%3Anormal\" shape=\"square\" style=\"outline\" color=\"black\" add_button=\"bottom\" btn_title=\"Richiedi un preventivo GRATUITO!\" btn_style=\"classic\" btn_color=\"black\" btn_i_align=\"right\" btn_i_icon_fontawesome=\"fa fa-arrow-circle-o-right\" use_custom_fonts_h2=\"true\" use_custom_fonts_h4=\"true\" btn_add_icon=\"true\" btn_custom_onclick=\"true\" btn_link=\"url:%2Fcontatti%2F|title:get%20a%20quote|target:%20_blank|\" css=\".vc_custom_1476617025860{padding-top: 46px !important;padding-right: 49px !important;padding-bottom: 46px !important;padding-left: 49px !important;}\"]<span style=\"color: #222222; margin: 40px 0 19px; display: block;\"><strong>Una procedura semplice e veloce<\/strong>: inserisci i tuoi dati, descrivici le tue esigenze e verrai contattato prontamente da un nostro consulente che ti illustrer\u00e0 le modalit\u00e0 per ricevere un\u2019offerta su misura.<\/span>[\/vc_cta][\/vc_column_inner][\/vc_row_inner][\/vc_tta_section][vc_tta_section title=\"Montaggio\" tab_id=\"1476617580709-471680c9-99ff\"][vc_row_inner css=\".vc_custom_1456201536062{padding-bottom: 64px !important;}\"][vc_column_inner width=\"7\/12\"][vc_column_text css=\".vc_custom_1476617620969{padding-bottom: 23px !important;}\"]<\/p><h3 style=\"margin-bottom: 25px;\">MONTAGGIO<\/h3><p>La nostra <strong>mission<\/strong> non \u00e8 semplicemente proporre ottime soluzioni di interni, ma <strong>coordinare vere e proprie geometrie del vivere negli spazi del vostro abitare<\/strong>. La stessa attenzione che dedichiamo alla progettazione e alla fornitura, la destiniamo anche alle operazioni di trasporto e montaggio. \u00c8 cura dei nostri tecnici professionisti <strong>garantire ai clienti tempestivit\u00e0 nella consegna<\/strong>, <strong>gestione degli artigiani<\/strong>, <strong>rispetto del progetto<\/strong> e <strong>coordinamento delle attivit\u00e0<\/strong>.[\/vc_column_text][vc_single_image image=\"3112\" img_size=\"medium\"][\/vc_column_inner][vc_column_inner width=\"5\/12\"][vc_cta h2=\"Richiedi un Preventivo\" h2_font_container=\"font_size:24px|color:%23222222|line_height:24px\" h2_google_fonts=\"font_family:Montserrat%3Aregular%2C700|font_style:700%20bold%20regular%3A700%3Anormal\" h4=\"con l'aiuto di un esperto\" h4_font_container=\"font_size:18px|color:%23222222|line_height:24px\" h4_google_fonts=\"font_family:Ubuntu%3A300%2C300italic%2Cregular%2Citalic%2C500%2C500italic%2C700%2C700italic|font_style:300%20light%20regular%3A300%3Anormal\" shape=\"square\" style=\"outline\" color=\"black\" add_button=\"bottom\" btn_title=\"Richiedi un preventivo GRATUITO!\" btn_style=\"classic\" btn_color=\"black\" btn_i_align=\"right\" btn_i_icon_fontawesome=\"fa fa-arrow-circle-o-right\" use_custom_fonts_h2=\"true\" use_custom_fonts_h4=\"true\" btn_add_icon=\"true\" btn_custom_onclick=\"true\" btn_link=\"url:%2Fcontatti%2F|title:get%20a%20quote|target:%20_blank|\" css=\".vc_custom_1476617025860{padding-top: 46px !important;padding-right: 49px !important;padding-bottom: 46px !important;padding-left: 49px !important;}\"]<span style=\"color: #222222; margin: 40px 0 19px; display: block;\"><strong>Una procedura semplice e veloce<\/strong>: inserisci i tuoi dati, descrivici le tue esigenze e verrai contattato prontamente da un nostro consulente che ti illustrer\u00e0 le modalit\u00e0 per ricevere un\u2019offerta su misura.<\/span>[\/vc_cta][\/vc_column_inner][\/vc_row_inner][\/vc_tta_section][vc_tta_section title=\"Progettazione\" tab_id=\"1476617643893-b4bb3076-d570\"][vc_row_inner css=\".vc_custom_1456201536062{padding-bottom: 64px !important;}\"][vc_column_inner width=\"7\/12\"][vc_column_text css=\".vc_custom_1476617675765{padding-bottom: 23px !important;}\"]<\/p><h3 style=\"margin-bottom: 25px;\">PROGETTAZIONE<\/h3><p>Arredare gli interni significa fotografare gusti, obiettivi ed esigenze del cliente e svilupparli in concretezza, esclusivit\u00e0 e personalizzazione. <strong>I progetti Arredamenti Benevelli sono il risultato di un\u2019accurata \u201cmessa a fuoco\u201d dei futuri abitanti,<\/strong> da parte di veri e propri professionisti dell\u2019architettura abitativa, capaci di elaborare proposte senza impegno e in costante dialogo con i clienti.[\/vc_column_text][vc_single_image image=\"3113\" img_size=\"medium\"][\/vc_column_inner][vc_column_inner width=\"5\/12\"][vc_cta h2=\"Richiedi un Preventivo\" h2_font_container=\"font_size:24px|color:%23222222|line_height:24px\" h2_google_fonts=\"font_family:Montserrat%3Aregular%2C700|font_style:700%20bold%20regular%3A700%3Anormal\" h4=\"con l'aiuto di un esperto\" h4_font_container=\"font_size:18px|color:%23222222|line_height:24px\" h4_google_fonts=\"font_family:Ubuntu%3A300%2C300italic%2Cregular%2Citalic%2C500%2C500italic%2C700%2C700italic|font_style:300%20light%20regular%3A300%3Anormal\" shape=\"square\" style=\"outline\" color=\"black\" add_button=\"bottom\" btn_title=\"Richiedi un preventivo GRATUITO!\" btn_style=\"classic\" btn_color=\"black\" btn_i_align=\"right\" btn_i_icon_fontawesome=\"fa fa-arrow-circle-o-right\" use_custom_fonts_h2=\"true\" use_custom_fonts_h4=\"true\" btn_add_icon=\"true\" btn_custom_onclick=\"true\" btn_link=\"url:%2Fcontatti%2F|title:get%20a%20quote|target:%20_blank|\" css=\".vc_custom_1476617025860{padding-top: 46px !important;padding-right: 49px !important;padding-bottom: 46px !important;padding-left: 49px !important;}\"]<span style=\"color: #222222; margin: 40px 0 19px; display: block;\"><strong>Una procedura semplice e veloce<\/strong>: inserisci i tuoi dati, descrivici le tue esigenze e verrai contattato prontamente da un nostro consulente che ti illustrer\u00e0 le modalit\u00e0 per ricevere un\u2019offerta su misura.<\/span>[\/vc_cta][\/vc_column_inner][\/vc_row_inner][\/vc_tta_section][vc_tta_section title=\"Finanziamenti\" tab_id=\"1476617726171-92b2a540-b87f\"][vc_row_inner css=\".vc_custom_1456201536062{padding-bottom: 64px !important;}\"][vc_column_inner width=\"7\/12\"][vc_column_text css=\".vc_custom_1476617781663{padding-bottom: 23px !important;}\"]<\/p><h3 style=\"margin-bottom: 25px;\">FINANZIAMENTI<\/h3><p><strong>Convenzioni privilegiate con le principali societ\u00e0 di credito<\/strong> ci permettono di garantire la massima libert\u00e0 nella scelta con modalit\u00e0 di pagamento in base alle proprie disponibilit\u00e0 ed esigenze. Dedicarsi con la massima serenit\u00e0 al \u201cprogetto casa\u201d, diventa facile grazie ai nostri partner finanziari, affidabili e disponibili al dialogo. Dal semplice elemento di design fino all\u2019arredo pi\u00f9 impegnativo, per arrivare anche ad un restyling completo della casa, <strong>il pagamento lo decidete voi<\/strong>.[\/vc_column_text][vc_single_image image=\"3114\" img_size=\"medium\"][\/vc_column_inner][vc_column_inner width=\"5\/12\"][vc_cta h2=\"Richiedi un Preventivo\" h2_font_container=\"font_size:24px|color:%23222222|line_height:24px\" h2_google_fonts=\"font_family:Montserrat%3Aregular%2C700|font_style:700%20bold%20regular%3A700%3Anormal\" h4=\"con l'aiuto di un esperto\" h4_font_container=\"font_size:18px|color:%23222222|line_height:24px\" h4_google_fonts=\"font_family:Ubuntu%3A300%2C300italic%2Cregular%2Citalic%2C500%2C500italic%2C700%2C700italic|font_style:300%20light%20regular%3A300%3Anormal\" shape=\"square\" style=\"outline\" color=\"black\" add_button=\"bottom\" btn_title=\"Richiedi un preventivo GRATUITO!\" btn_style=\"classic\" btn_color=\"black\" btn_i_align=\"right\" btn_i_icon_fontawesome=\"fa fa-arrow-circle-o-right\" use_custom_fonts_h2=\"true\" use_custom_fonts_h4=\"true\" btn_add_icon=\"true\" btn_custom_onclick=\"true\" btn_link=\"url:%2Fcontatti%2F|title:get%20a%20quote|target:%20_blank|\" css=\".vc_custom_1476617025860{padding-top: 46px !important;padding-right: 49px !important;padding-bottom: 46px !important;padding-left: 49px !important;}\"]<span style=\"color: #222222; margin: 40px 0 19px; display: block;\"><strong>Una procedura semplice e veloce<\/strong>: inserisci i tuoi dati, descrivici le tue esigenze e verrai contattato prontamente da un nostro consulente che ti illustrer\u00e0 le modalit\u00e0 per ricevere un\u2019offerta su misura.<\/span>[\/vc_cta][\/vc_column_inner][\/vc_row_inner][\/vc_tta_section][\/vc_tta_tabs][\/vc_column][\/vc_row]<\/p>","_et_gb_content_width":"","footnotes":""},"class_list":["post-2080","page","type-page","status-publish","hentry"],"_links":{"self":[{"href":"https:\/\/arredamentibenevelli.com\/index.php?rest_route=\/wp\/v2\/pages\/2080","targetHints":{"allow":["GET"]}}],"collection":[{"href":"https:\/\/arredamentibenevelli.com\/index.php?rest_route=\/wp\/v2\/pages"}],"about":[{"href":"https:\/\/arredamentibenevelli.com\/index.php?rest_route=\/wp\/v2\/types\/page"}],"author":[{"embeddable":true,"href":"https:\/\/arredamentibenevelli.com\/index.php?rest_route=\/wp\/v2\/users\/1"}],"replies":[{"embeddable":true,"href":"https:\/\/arredamentibenevelli.com\/index.php?rest_route=%2Fwp%2Fv2%2Fcomments&post=2080"}],"version-history":[{"count":35,"href":"https:\/\/arredamentibenevelli.com\/index.php?rest_route=\/wp\/v2\/pages\/2080\/revisions"}],"predecessor-version":[{"id":4709,"href":"https:\/\/arredamentibenevelli.com\/index.php?rest_route=\/wp\/v2\/pages\/2080\/revisions\/4709"}],"wp:attachment":[{"href":"https:\/\/arredamentibenevelli.com\/index.php?rest_route=%2Fwp%2Fv2%2Fmedia&parent=2080"}],"curies":[{"name":"wp","href":"https:\/\/api.w.org\/{rel}","templated":true}]}}